{"id":32,"date":"2014-11-13T13:55:51","date_gmt":"2014-11-13T13:55:51","guid":{"rendered":"http:\/\/www.spaulding.de\/?page_id=32"},"modified":"2015-04-06T20:58:47","modified_gmt":"2015-04-06T20:58:47","slug":"biografie","status":"publish","type":"page","link":"http:\/\/www.spaulding.de\/?page_id=32","title":{"rendered":"Biografie"},"content":{"rendered":"<\/div><\/div><\/div><!-- close content main div --><\/div><\/div><div id='av-layout-grid-1' class='av-layout-grid-container entry-content-wrapper main_color av-flex-cells    container_wrap fullsize'   >\n<div class=\"flex_cell no_margin av_two_third   \" style='vertical-align:top; padding:50px; '><div class='flex_cell_inner' ><p><div style='padding-bottom:10px;' class='av-special-heading av-special-heading-h3     '><h3 class='av-special-heading-tag '  itemprop=\"headline\"  >William Spaulding<\/h3><div class='special-heading-border'><div class='special-heading-inner-border' ><\/div><\/div><\/div><br \/>\n<section class=\"av_textblock_section \"  itemscope=\"itemscope\" itemtype=\"https:\/\/schema.org\/CreativeWork\" ><div class='avia_textblock  '   itemprop=\"text\" ><p>wurde in Washington, DC geboren und lebt seit \u00fcber 20 Jahren in Europa.<\/p>\n<p class=\"t1_unterstr\"><span class=\"t1\"><strong>Seit 2012: <\/strong><\/span>erster Chordirektor und Kapellmeister, Deutsche Oper Berlin<br \/>\n<span class=\"t1\"><strong>Seit 2007:<\/strong> Erster Chordirektor, Deutsche Oper Berlin<\/span><\/p>\n<p class=\"t1\"><strong><strong>2012:<\/strong> <\/strong>Chorpreis der Europ\u00e4ischen Kulturstiftung Pro Europa<strong><br \/>\n2013: <\/strong>Auftritt bei den Londoner Proms in der Royal Albert Hall mit Tannh\u00e4user unter Donald Runnicles mit dem Scottish BBC Orchestra<strong><br \/>\n2014:<\/strong> Finalist f\u00fcr die International Opera Awards<br \/>\n<strong>seit 2014:<\/strong> Lehrbeauftragter f\u00fcr Chordirigieren an der Hochschule f\u00fcr Musik \u201eHanns Eisler\u201c Berlin<\/p>\n<div style='height:15px' class='hr hr-invisible  '><span class='hr-inner ' ><span class='hr-inner-style'><\/span><\/span><\/div>\n<p class=\"t1\">Ernennungen durch die Kritikerumfrage Opernwelt:<br \/>\n&#8220;<strong>Chor des Jahres 2008<\/strong>&#8220;, &#8220;<strong>Chor des Jahres 2009<\/strong>&#8221; und\u00a0&#8220;<strong>Chor des Jahres 2010<\/strong>&#8220;.<\/p>\n<p class=\"t1\"><div style='height:15px' class='hr hr-invisible  '><span class='hr-inner ' ><span class='hr-inner-style'><\/span><\/span><\/div><\/p>\n<p class=\"t1\"><strong>Gastauftritte als Chordirigent: <\/strong><br \/>\n2013, 2012: Chor des Mitteldeutschen Rundfunks Leipzig<br \/>\n2013, 2012: RIAS-Kammerchor<br \/>\n2011 K\u00f6nigliche Oper Kopenhagen<br \/>\n2011 Grant Park Festival Chicago.<br \/>\n2005 Teatro Lirico di Cagliari (IT)<\/p>\n<p class=\"t1\"><div style='height:15px' class='hr hr-invisible  '><span class='hr-inner ' ><span class='hr-inner-style'><\/span><\/span><\/div><\/p>\n<p class=\"t1\"><strong>Weitere Festengagements: <\/strong><br \/>\nGran Teatre del Liceu Barcelona. Erster Chordirektor 1999-2004.<br \/>\nNationaltheater Mannheim Erster Chordirektor 2005-2007.<br \/>\nVolksoper Wien Zweiter Chordirektor 1997-1999.<\/p>\n<p class=\"t1\"><div style='height:15px' class='hr hr-invisible  '><span class='hr-inner ' ><span class='hr-inner-style'><\/span><\/span><\/div><\/p>\n<p class=\"t1\"><strong>Ausbildung: <\/strong><br \/>\n1986-1990: Hochschule f\u00fcr Musik und gestaltende Kunst in Wien:<br \/>\nDiplom Orchesterdirigieren bei Karl \u00d6sterreicher 1990<br \/>\nDiplom Chorleitung bei G\u00fcnther Theuring 1990<br \/>\nDiplom Korrepetitionspraxis bei Dr. Harald Goertz 1990<br \/>\nKlavierstudium in Bremen bei Kurt Seibert, Stephan Seebass und Stephan M\u00f6ller 1983 nach Bremen als Austauschstudent der University of Maryland, USA (Klavier, Sprachen)<br \/>\nSprachen Englisch, Deutsch, Franz\u00f6sisch, Italienisch, Spanisch und Katalanisch.<\/p>\n<p class=\"t1\"><div style='height:15px' class='hr hr-invisible  '><span class='hr-inner ' ><span class='hr-inner-style'><\/span><\/span><\/div><\/p>\n<p class=\"t1\"><strong>Opern- und Konzertdirigate:<br \/>\n<\/strong>2015 Deutsche Oper Berlin: Il Barbiere di Seviglia and La Boheme<strong><br \/>\n<\/strong>2014 Tel Aviv \/ Jerusalem:\u00a0Jerusalem Symphony Orchestra mit\u00a0Faure\/Requiem, Stravinsky\/Psalmensinfonie und Debussy\/Pr\u00e9lude \u00e0 l&#8217;apres-midi d&#8217;un faune<strong><br \/>\n<\/strong>2013 Deutsche Oper Berlin: Carmen, Nabucco<br \/>\n2012 Deutsche Oper Berlin: Traviata<br \/>\n2009 Deutsche Oper Berlin: Carmina Burana<br \/>\n2011 Deutsche Oper Berlin: Verdi: Messa da Requiem<br \/>\n2011 Deutsche Oper Berlin: Carmina Burana<br \/>\n2009 Mainfranken Theater W\u00fcrzburg: Neujahrskonzert mit Beethovens Neunter Symphonie.<br \/>\nweitere Dirigate an: Volksoper Wien, Nationaltheater Mannheim, Opernhaus Chemnitz u. a.<\/p>\n<p class=\"t1\"><div style='height:15px' class='hr hr-invisible  '><span class='hr-inner ' ><span class='hr-inner-style'><\/span><\/span><\/div><\/p>\n<p class=\"p1\">2014: Meisterkurs mit dem Chor der Deutschen Oper Berlin unter der Leitung von William Spaulding im Rahmen des Dirigentenforums Deutscher Musikrat. Dieser Einrichtung dient er auch seit 2013 als Juror f\u00fcr Auswahldirigieren.<\/p>\n<p class=\"p1\">Dem Regierenden B\u00fcrgermeister von Berlin Michael M\u00fcller und seinem Staatssekret\u00e4r f\u00fcr kulturelle Angelegenheiten Tim Renner dient William Spaulding seit 2010 als Jurymitglied f\u00fcr die Vergabe von F\u00f6rdermitteln an Berliner Ch\u00f6re.<\/p>\n<\/div><\/section><\/p>\n<\/div><\/div><div class=\"flex_cell no_margin av_one_third   \" style='vertical-align:top; padding:30px; background-color:#f8f8f8; '><div class='flex_cell_inner' ><section class=\"av_textblock_section \"  itemscope=\"itemscope\" itemtype=\"https:\/\/schema.org\/CreativeWork\" ><div class='avia_textblock  '   itemprop=\"text\" ><p><span class=\"t1\">&#8220;A main reason for the resurgence (of the Deutsche Oper Berlin) is the in-house chorus, led by American conductor William Spaulding: for three of the past four years, it has been selected as German-speaking Europe&#8217;s best by <\/span><span class=\"t2_fett\">Opernwelt magazin&#8221;<br \/>\n<strong>WALL STREET JOURNAL, April 2012<\/strong> (<\/span><a href=\"http:\/\/www.spaulding.de\/WSJ-DOB-Spaulding.jpg\" target=\"_blank\">read the article<\/a>)<\/p>\n<div  class='hr hr-short hr-left  '><span class='hr-inner ' ><span class='hr-inner-style'><\/span><\/span><\/div>\n<p class=\"t1\"><span class=\"t1\">&#8220;Der Chor der Deutschen Oper Berlin, einstudiert von William Spaulding, ist wieder einmal einfach nur gro\u00dfartig: flexibel, ausdrucksstark, intonationsrein.&#8221;<br \/>\n<\/span><strong><span class=\"t2_fett\">&#8220;La Damnation de Faust&#8221; Elenore B\u00fcning 27.2.2014. FAZ<\/span><\/strong><\/p>\n<p class=\"t1\"><div  class='hr hr-short hr-left  '><span class='hr-inner ' ><span class='hr-inner-style'><\/span><\/span><\/div><\/p>\n<p><span class=\"t1\">\u201cThe all-male chorus, far from a small role in this opera, was also excellent, with a quality of blend and diction which so many opera choruses fail to achieve.&#8221;<br \/>\n<\/span><strong class=\"t2_fett\">Bachtrack.com \/ Max Woods \/ May 2013<\/strong><\/p>\n<div  class='hr hr-short hr-left  '><span class='hr-inner ' ><span class='hr-inner-style'><\/span><\/span><\/div>\n<p class=\"t1\">&#8220;Hay que destacar una vez m\u00e1s la actuacion del magnifico coro de la Deutsche Oper, uno de los mejores del mundo. No en balde su director es William Spaulding.&#8221;<br \/>\n<strong><span class=\"t2_fett\">Jose M. Irurzun \/\u00a0Operaworld.es<\/span><\/strong><\/p>\n<p class=\"t1\"><div  class='hr hr-short hr-left  '><span class='hr-inner ' ><span class='hr-inner-style'><\/span><\/span><\/div><\/p>\n<p>&#8220;Der Chor der Deutschen Oper Berlin meistert jede ihm gestellte Aufgabe mit Bravour. Das war auch hier wieder der Fall, was kein Wunder ist, denn der Chor ist eben Weltklasse. Hier an dieser Stelle einmal Dank an den Leiter des Chores, William Spaulding.&#8221;<br \/>\n<strong><span class=\"t2_fett\">Renate Dahms \/\u00a0Operninfo-Berlin.de \/\u00a05.6.2014<\/span><\/strong><\/p>\n<div  class='hr hr-short hr-left  '><span class='hr-inner ' ><span class='hr-inner-style'><\/span><\/span><\/div>\n<p>Einen der H\u00f6hepunkte des Abends bot der Chor mit seinem mitf\u00fchlend-schreckerf\u00fcllten Auftritt zu Beginn in der letzten Szene unter William Spaulding.<br \/>\n<strong><span class=\"t2_fett\">Ingrid Wanja \/\u00a05.6. 2014<\/span><\/strong><\/p>\n<\/div><\/section>\n<\/div><\/div><\/div>\n","protected":false},"excerpt":{"rendered":"","protected":false},"author":1,"featured_media":0,"parent":0,"menu_order":0,"comment_status":"open","ping_status":"open","template":"","meta":[],"_links":{"self":[{"href":"http:\/\/www.spaulding.de\/index.php?rest_route=\/wp\/v2\/pages\/32"}],"collection":[{"href":"http:\/\/www.spaulding.de\/index.php?rest_route=\/wp\/v2\/pages"}],"about":[{"href":"http:\/\/www.spaulding.de\/index.php?rest_route=\/wp\/v2\/types\/page"}],"author":[{"embeddable":true,"href":"http:\/\/www.spaulding.de\/index.php?rest_route=\/wp\/v2\/users\/1"}],"replies":[{"embeddable":true,"href":"http:\/\/www.spaulding.de\/index.php?rest_route=%2Fwp%2Fv2%2Fcomments&post=32"}],"version-history":[{"count":17,"href":"http:\/\/www.spaulding.de\/index.php?rest_route=\/wp\/v2\/pages\/32\/revisions"}],"predecessor-version":[{"id":180,"href":"http:\/\/www.spaulding.de\/index.php?rest_route=\/wp\/v2\/pages\/32\/revisions\/180"}],"wp:attachment":[{"href":"http:\/\/www.spaulding.de\/index.php?rest_route=%2Fwp%2Fv2%2Fmedia&parent=32"}],"curies":[{"name":"wp","href":"https:\/\/api.w.org\/{rel}","templated":true}]}}

</div></div></div><!-- close content main div --></div></div><div id='av-layout-grid-1' class='av-layout-grid-container entry-content-wrapper main_color av-flex-cells    container_wrap fullsize'   >
<div class="flex_cell no_margin av_two_third   " style='vertical-align:top; padding:50px; '><div class='flex_cell_inner' ><p><div style='padding-bottom:10px;' class='av-special-heading av-special-heading-h3     '><h3 class='av-special-heading-tag '  itemprop="headline"  >William Spaulding</h3><div class='special-heading-border'><div class='special-heading-inner-border' ></div></div></div><br />
<section class="av_textblock_section "  itemscope="itemscope" itemtype="https://schema.org/CreativeWork" ><div class='avia_textblock  '   itemprop="text" ><p>wurde in Washington, DC geboren und lebt seit über 20 Jahren in Europa.</p>
<p class="t1_unterstr"><span class="t1"><strong>Seit 2012: </strong></span>erster Chordirektor und Kapellmeister, Deutsche Oper Berlin<br />
<span class="t1"><strong>Seit 2007:</strong> Erster Chordirektor, Deutsche Oper Berlin</span></p>
<p class="t1"><strong><strong>2012:</strong> </strong>Chorpreis der Europäischen Kulturstiftung Pro Europa<strong><br />
2013: </strong>Auftritt bei den Londoner Proms in der Royal Albert Hall mit Tannhäuser unter Donald Runnicles mit dem Scottish BBC Orchestra<strong><br />
2014:</strong> Finalist für die International Opera Awards<br />
<strong>seit 2014:</strong> Lehrbeauftragter für Chordirigieren an der Hochschule für Musik „Hanns Eisler“ Berlin</p>
<div style='height:15px' class='hr hr-invisible  '><span class='hr-inner ' ><span class='hr-inner-style'></span></span></div>
<p class="t1">Ernennungen durch die Kritikerumfrage Opernwelt:<br />
&#8220;<strong>Chor des Jahres 2008</strong>&#8220;, &#8220;<strong>Chor des Jahres 2009</strong>&#8221; und &#8220;<strong>Chor des Jahres 2010</strong>&#8220;.</p>
<p class="t1"><div style='height:15px' class='hr hr-invisible  '><span class='hr-inner ' ><span class='hr-inner-style'></span></span></div></p>
<p class="t1"><strong>Gastauftritte als Chordirigent: </strong><br />
2013, 2012: Chor des Mitteldeutschen Rundfunks Leipzig<br />
2013, 2012: RIAS-Kammerchor<br />
2011 Königliche Oper Kopenhagen<br />
2011 Grant Park Festival Chicago.<br />
2005 Teatro Lirico di Cagliari (IT)</p>
<p class="t1"><div style='height:15px' class='hr hr-invisible  '><span class='hr-inner ' ><span class='hr-inner-style'></span></span></div></p>
<p class="t1"><strong>Weitere Festengagements: </strong><br />
Gran Teatre del Liceu Barcelona. Erster Chordirektor 1999-2004.<br />
Nationaltheater Mannheim Erster Chordirektor 2005-2007.<br />
Volksoper Wien Zweiter Chordirektor 1997-1999.</p>
<p class="t1"><div style='height:15px' class='hr hr-invisible  '><span class='hr-inner ' ><span class='hr-inner-style'></span></span></div></p>
<p class="t1"><strong>Ausbildung: </strong><br />
1986-1990: Hochschule für Musik und gestaltende Kunst in Wien:<br />
Diplom Orchesterdirigieren bei Karl Österreicher 1990<br />
Diplom Chorleitung bei Günther Theuring 1990<br />
Diplom Korrepetitionspraxis bei Dr. Harald Goertz 1990<br />
Klavierstudium in Bremen bei Kurt Seibert, Stephan Seebass und Stephan Möller 1983 nach Bremen als Austauschstudent der University of Maryland, USA (Klavier, Sprachen)<br />
Sprachen Englisch, Deutsch, Französisch, Italienisch, Spanisch und Katalanisch.</p>
<p class="t1"><div style='height:15px' class='hr hr-invisible  '><span class='hr-inner ' ><span class='hr-inner-style'></span></span></div></p>
<p class="t1"><strong>Opern- und Konzertdirigate:<br />
</strong>2015 Deutsche Oper Berlin: Il Barbiere di Seviglia and La Boheme<strong><br />
</strong>2014 Tel Aviv / Jerusalem: Jerusalem Symphony Orchestra mit Faure/Requiem, Stravinsky/Psalmensinfonie und Debussy/Prélude à l&#8217;apres-midi d&#8217;un faune<strong><br />
</strong>2013 Deutsche Oper Berlin: Carmen, Nabucco<br />
2012 Deutsche Oper Berlin: Traviata<br />
2009 Deutsche Oper Berlin: Carmina Burana<br />
2011 Deutsche Oper Berlin: Verdi: Messa da Requiem<br />
2011 Deutsche Oper Berlin: Carmina Burana<br />
2009 Mainfranken Theater Würzburg: Neujahrskonzert mit Beethovens Neunter Symphonie.<br />
weitere Dirigate an: Volksoper Wien, Nationaltheater Mannheim, Opernhaus Chemnitz u. a.</p>
<p class="t1"><div style='height:15px' class='hr hr-invisible  '><span class='hr-inner ' ><span class='hr-inner-style'></span></span></div></p>
<p class="p1">2014: Meisterkurs mit dem Chor der Deutschen Oper Berlin unter der Leitung von William Spaulding im Rahmen des Dirigentenforums Deutscher Musikrat. Dieser Einrichtung dient er auch seit 2013 als Juror für Auswahldirigieren.</p>
<p class="p1">Dem Regierenden Bürgermeister von Berlin Michael Müller und seinem Staatssekretär für kulturelle Angelegenheiten Tim Renner dient William Spaulding seit 2010 als Jurymitglied für die Vergabe von Fördermitteln an Berliner Chöre.</p>
</div></section></p>
</div></div><div class="flex_cell no_margin av_one_third   " style='vertical-align:top; padding:30px; background-color:#f8f8f8; '><div class='flex_cell_inner' ><section class="av_textblock_section "  itemscope="itemscope" itemtype="https://schema.org/CreativeWork" ><div class='avia_textblock  '   itemprop="text" ><p><span class="t1">&#8220;A main reason for the resurgence (of the Deutsche Oper Berlin) is the in-house chorus, led by American conductor William Spaulding: for three of the past four years, it has been selected as German-speaking Europe&#8217;s best by </span><span class="t2_fett">Opernwelt magazin&#8221;<br />
<strong>WALL STREET JOURNAL, April 2012</strong> (</span><a href="http://www.spaulding.de/WSJ-DOB-Spaulding.jpg" target="_blank">read the article</a>)</p>
<div  class='hr hr-short hr-left  '><span class='hr-inner ' ><span class='hr-inner-style'></span></span></div>
<p class="t1"><span class="t1">&#8220;Der Chor der Deutschen Oper Berlin, einstudiert von William Spaulding, ist wieder einmal einfach nur großartig: flexibel, ausdrucksstark, intonationsrein.&#8221;<br />
</span><strong><span class="t2_fett">&#8220;La Damnation de Faust&#8221; Elenore Büning 27.2.2014. FAZ</span></strong></p>
<p class="t1"><div  class='hr hr-short hr-left  '><span class='hr-inner ' ><span class='hr-inner-style'></span></span></div></p>
<p><span class="t1">“The all-male chorus, far from a small role in this opera, was also excellent, with a quality of blend and diction which so many opera choruses fail to achieve.&#8221;<br />
</span><strong class="t2_fett">Bachtrack.com / Max Woods / May 2013</strong></p>
<div  class='hr hr-short hr-left  '><span class='hr-inner ' ><span class='hr-inner-style'></span></span></div>
<p class="t1">&#8220;Hay que destacar una vez más la actuacion del magnifico coro de la Deutsche Oper, uno de los mejores del mundo. No en balde su director es William Spaulding.&#8221;<br />
<strong><span class="t2_fett">Jose M. Irurzun / Operaworld.es</span></strong></p>
<p class="t1"><div  class='hr hr-short hr-left  '><span class='hr-inner ' ><span class='hr-inner-style'></span></span></div></p>
<p>&#8220;Der Chor der Deutschen Oper Berlin meistert jede ihm gestellte Aufgabe mit Bravour. Das war auch hier wieder der Fall, was kein Wunder ist, denn der Chor ist eben Weltklasse. Hier an dieser Stelle einmal Dank an den Leiter des Chores, William Spaulding.&#8221;<br />
<strong><span class="t2_fett">Renate Dahms / Operninfo-Berlin.de / 5.6.2014</span></strong></p>
<div  class='hr hr-short hr-left  '><span class='hr-inner ' ><span class='hr-inner-style'></span></span></div>
<p>Einen der Höhepunkte des Abends bot der Chor mit seinem mitfühlend-schreckerfüllten Auftritt zu Beginn in der letzten Szene unter William Spaulding.<br />
<strong><span class="t2_fett">Ingrid Wanja / 5.6. 2014</span></strong></p>
</div></section>
</div></div></div>
